hat is the ten thousands digit of 47174?
4
What is the hundreds digit of 32711?
7
What is the tens digit of 26633?
3
What is the units digit of 6897?
7
What is the hundreds digit of 8169?
1
What is the hundreds digit of 86030?
0
What is the units digit of 105992?
2
What is the units digit of 448?
8
What is the thousands digit of 5495?
5
What is the units digit of 63?
3
What is the units digit of 5397?
7
What is the units digit of 65515?
5
What is the units digit of 93?
3
What is the units digit of 6557?
7
What is the ten thousands digit of 11106?
1
What is the units digit of 310?
0
What is the hundreds digit of 30855?
8
What is the hundreds digit of 322?
3
What is the tens digit of 1538?
3
What is the thousands digit of 6925?
6
What is the ten thousands digit of 22524?
2
What is the hundreds digit of 2184?
1
What is the units digit of 7067?
7
What is the tens digit of 8893?
9
What is the thousands digit of 21422?
1
What is the hundreds digit of 2148?
1
What is the tens digit of 433?
3
What is the units digit of 112?
2
What is the thousands digit of 15204?
5
What is the units digit of 3105?
5
What is the units digit of 6263?
3
What is the tens digit of 574?
7
What is the tens digit of 5328?
2
What is the tens digit of 21114?
1
What is the tens digit of 3152?
5
What is the hundreds digit of 2331?
3
What is the hundreds digit of 742?
7
What is the hundreds digit of 995?
9
What is the hundreds digit of 689?
6
What is the hundreds digit of 16288?
2
What is the units digit of 8061?
1
What is the ten thousands digit of 10188?
1
What is the units digit of 13027?
7
What is the units digit of 2490?
0
What is the hundreds digit of 101362?
3
What is the tens digit of 68684?
8
What is the thousands digit of 1242?
1
What is the thousands digit of 1831?
1
What is the tens digit of 63?
6
What is the ten thousands digit of 31596?
3
What is the thousands digit of 6397?
6
What is the hundreds digit of 10373?
3
What is the tens digit of 583?
8
What is the hundreds digit of 97444?
4
What is the units digit of 82580?
0
What is the thousands digit of 44997?
4
What is the units digit of 317?
7
What is the hundreds digit of 977?
9
What is the thousands digit of 7031?
7
What is the hundreds digit of 1370?
3
What is the hundreds digit of 9120?
1
What is the units digit of 3463?
3
What is the hundreds digit of 5287?
2
What is the ten thousands digit of 30501?
3
What is the units digit of 15169?
9
What is the units digit of 838?
8
What is the tens digit of 183789?
8
What is the units digit of 38012?
2
What is the tens digit of 48048?
4
What is the thousands digit of 57995?
7
What is the hundreds digit of 2589?
5
What is the units digit of 23?
3
What is the hundreds digit of 1347?
3
What is the hundreds digit of 36138?
1
What is the thousands digit of 20373?
0
What is the units digit of 144587?
7
What is the thousands digit of 4890?
4
What is the hundreds digit of 689?
6
What is the tens digit of 47978?
7
What is the tens digit of 6940?
4
What is the tens digit of 10677?
7
What is the hundreds digit of 16587?
5
What is the units digit of 224?
4
What is the ten thousands digit of 14386?
1
What is the thousands digit of 8467?
8
What is the tens digit of 103683?
8
What is the tens digit of 14009?
0
What is the hundreds digit of 7390?
3
What is the hundreds digit of 8699?
6
What is the units digit of 4940?
0
What is the hundreds digit of 2761?
7
What is the hundreds digit of 17998?
9
What is the hundreds digit of 689?
6
What is the tens digit of 688?
8
What is the units digit of 1882?
2
What is the hundreds digit of 92840?
8
What is the tens digit of 4958?
5
What is the hundreds digit of 32119?
1
What is the hundreds digit of 55049?
0
What is the thousands digit of 34538?
4
What is the units digit of 21298?
8
What is the hundreds digit of 756?
7
What is the units digit of 162?
2
What is the tens digit of 23633?
3
What is the thousands digit of 4353?
4
What is the ten thousands digit of 59948?
5
What is the hundreds digit of 1022?
0
What is the hundreds digit of 4857?
8
What is the units digit of 8699?
9
What is the ten thousands digit of 12967?
1
What is the tens digit of 663?
6
What is the hundreds digit of 27246?
2
What is the hundreds digit of 786?
7
What is the thousands digit of 1554?
1
What is the units digit of 33947?
7
What is the units digit of 1143?
3
What is the thousands digit of 8114?
8
What is the hundreds digit of 120?
1
What is the ten thousands digit of 14169?
1
What is the thousands digit of 7089?
7
What is the tens digit of 189?
8
What is the units digit of 6567?
7
What is the tens digit of 31925?
2
What is the thousands digit of 1265?
1
What is the hundreds digit of 993?
9
What is the units digit of 717?
7
What is the hundreds digit of 2309?
3
What is the tens digit of 482?
8
What is the units digit of 37981?
1
What is the tens digit of 20663?
6
What is the thousands digit of 43170?
3
What is the thousands digit of 9291?
9
What is the thousands digit of 3654?
3
What is the tens digit of 51872?
7
What is the tens digit of 131?
3
What is the tens digit of 23?
2
What is the ten thousands digit of 47475?
4
What is the tens digit of 39?
3
What is the units digit of 3861?
1
What is the ten thousands digit of 46121?
4
What is the tens digit of 26527?
2
What is the tens digit of 6946?
4
What is the tens digit of 92?
9
What is the units digit of 30804?
4
What is the ten thousands digit of 10138?
1
What is the thousands digit of 2213?
2
What is the units digit of 960?
0
What is the tens digit of 74496?
9
What is the thousands digit of 75937?
5
What is the hundreds digit of 1277?
2
What is the tens digit of 170?
7
What is the units digit of 11449?
9
What is the ten thousands digit of 104552?
0
What is the thousands digit of 10260?
0
What is the hundreds digit of 4460?
4
What is the hundreds digit of 4121?
1
What is the hundreds digit of 2002?
0
What is the hundreds digit of 99665?
6
What is the thousands digit of 3856?
3
What is the thousands digit of 1954?
1
What is the units digit of 74778?
8
What is the ten thousands digit of 114060?
1
What is the tens digit of 12387?
8
What is the tens digit of 117?
1
What is the ten thousands digit of 41599?
4
What is the ten thousands digit of 147769?
4
What is the hundreds digit of 1523?
5
What is the tens digit of 6409?
0
What is the tens digit of 2070?
7
What is the hundreds digit of 27541?
5
What is the units digit of 671?
1
What is the hundreds digit of 258?
2
What is the tens digit of 1423?
2
What is the hundreds digit of 619?
6
What is the tens digit of 3622?
2
What is the units digit of 1655?
5
What is the ten thousands digit of 66928?
6
What is the units digit of 818?
8
What is the hundreds digit of 379?
3
What is the units digit of 200?
0
What is the tens digit of 19887?
8
What is the thousands digit of 161275?
1
What is the tens digit of 4017?
1
What is the hundreds digit of 1411?
4
What is the units digit of 18959?
9
What is the tens digit of 8838?
3
What is the ten thousands digit of 12597?
1
What is the tens digit of 43004?
0
What is the hundreds digit of 9418?
4
What is the hundreds digit of 6590?
5
What is the units digit of 2021?
1
What is the hundreds digit of 2478?
4
What is the tens digit of 3243?
4
What is the units digit of 4145?
5
What is the thousands digit of 1279?
1
What is the units digit of 3877?
7
What is the tens digit of 10084?
8
What is the hundreds digit of 8267?
2
What is the ten thousands digit of 12627?
1
What is the hundreds digit of 614?
6
What is the thousands digit of 4656?
4
What is the hundreds digit of 581?
5
What is the units digit of 12945?
5
What is the ten thousands digit of 14008?
1
What is the hundreds digit of 1852?
8
What is the hundreds digit of 875?
8
What is the ten thousands digit of 31918?
3
What is the tens digit of 45412?
1
What is the thousands digit of 17245?
7
What is the hundreds digit of 1676?
6
What is the hundreds digit of 19134?
1
What is the units digit of 53923?
3
What is the units digit of 122895?
5
What is the tens digit of 933?
3
What is the hundreds digit of 35505?
5
What is the hundreds digit of 117211?
2
What is the hundreds digit of 3081?
0
What is the hundreds digit of 16644?
6
What is the units digit of 289?
9
What is the thousands digit of 1942?
1